1501.
35
Calculate the remainder when 1369424 is divided by 902.
188
Calculate the remainder when 42352638 is divided by 64.
62
What is the remainder when 232658 is divided by 8?
2
Calculate the remainder when 1404650 is divided by 1512.
2
What is the remainder when 3950156 is divided by 1985?
6
Calculate the remainder when 45134 is divided by 41529.
3605
Calculate the remainder when 225289 is divided by 6416.
729
What is the remainder when 107020 is divided by 3236?
232
Calculate the remainder when 342809 is divided by 5361.
5066
Calculate the remainder when 295903 is divided by 294.
139
What is the remainder when 1898371 is divided by 6708?
7
What is the remainder when 213377 is divided by 679?
171
Calculate the remainder when 64566 is divided by 21398.
372
Calculate the remainder when 746190 is divided by 2504.
2502
What is the remainder when 50626 is divided by 327?
268
What is the remainder when 10564386 is divided by 148?
146
What is the remainder when 15373040 is divided by 7423?
7
Calculate the remainder when 8583 is divided by 3284.
2015
Calculate the remainder when 17349 is divided by 5696.
261
Calculate the remainder when 61830845 is divided by 1096.
5
Calculate the remainder when 252677456 is divided by 2924.
2920
What is the remainder when 2665760 is divided by 1332876?
8
Calculate the remainder when 2874257 is divided by 138.
131
What is the remainder when 192197 is divided by 17472?
5
What is the remainder when 10764279 is divided by 158?
55
Calculate the remainder when 1343629 is divided by 84.
49
What is the remainder when 148162 is divided by 1149?
1090
What is the remainder when 265942 is divided by 274?
162
What is the remainder when 35576135 is divided by 129?
128
What is the remainder when 68122611 is divided by 157?
154
What is the remainder when 5288266 is divided by 1762740?
46
Calculate the remainder when 20763759 is divided by 1929.
3
What is the remainder when 26710 is divided by 2608?
630
What is the remainder when 4942607 is divided by 74?
73
What is the remainder when 55198 is divided by 3751?
2684
Calculate the remainder when 15830 is divided by 391.
190
What is the remainder when 3310918 is divided by 136?
134
Calculate the remainder when 273705 is divided by 238.
5
Calculate the remainder when 156729 is divided by 143.
1
What is the remainder when 64138113 is divided by 74753?
39
What is the remainder when 7096092 is divided by 443477?
460
What is the remainder when 514492 is divided by 4677?
22
What is the remainder when 13555409 is divided by 47?
45
What is the remainder when 362201 is divided by 362197?
4
What is the remainder when 101156 is divided by 25155?
536
Calculate the remainder when 2957257 is divided by 591369.
412
What is the remainder when 271635684 is divided by 4509?
4506
Calculate the remainder when 48612240 is divided by 96.
48
Calculate the remainder when 263172 is divided by 2690.
2242
Calculate the remainder when 20877 is divided by 232.
229
Calculate the remainder when 8678045 is divided by 556.
553
What is the remainder when 12732812 is divided by 7?
1
What is the remainder when 272073 is divided by 15888?
1977
What is the remainder when 569990 is divided by 283621?
2748
Calculate the remainder when 760592 is divided by 34542.
668
What is the remainder when 4035573 is divided by 1770?
1743
What is the remainder when 36925575 is divided by 27?
24
What is the remainder when 8546376 is divided by 83788?
0
Calculate the remainder when 8193494 is divided by 305.
279
Calculate the remainder when 4282672 is divided by 694.
692
Calculate the remainder when 105675 is divided by 32950.
6825
What is the remainder when 5882909 is divided by 22?
21
Calculate the remainder when 221177 is divided by 8168.
641
What is the remainder when 209391496 is divided by 5334?
5326
Calculate the remainder when 25092634 is divided by 5549.
56
What is the remainder when 797085 is divided by 99584?
413
What is the remainder when 4316983 is divided by 2158259?
465
What is the remainder when 6188790 is divided by 36?
30
What is the remainder when 6978859 is divided by 838?
833
Calculate the remainder when 13082595 is divided by 172.
103
Calculate the remainder when 54284168 is divided by 758.
756
Calculate the remainder when 1464721 is divided by 40.
1
What is the remainder when 725494 is divided by 120908?
46
Calculate the remainder when 2223830 is divided by 555948.
38
What is the remainder when 1296271 is divided by 323302?
3063
Calculate the remainder when 271316 is divided by 57.
53
Calculate the remainder when 302534 is divided by 236.
218
Calculate the remainder when 5913583 is divided by 2956787.
9
Calculate the remainder when 825000 is divided by 100.
0
What is the remainder when 37200809 is divided by 108?
101
What is the remainder when 544193 is divided by 3279?
3158
Calculate the remainder when 1978680 is divided by 659476.
252
Calculate the remainder when 3807891 is divided by 1244.
7
What is the remainder when 387822 is divided by 77394?
852
What is the remainder when 1283301064 is divided by 4182?
4180
Calculate the remainder when 41811169 is divided by 492.
25
Calculate the remainder when 301877 is divided by 6688.
917
Calculate the remainder when 6382246 is divided by 163.
144
What is the remainder when 149050 is divided by 611?
577
Calculate the remainder when 4903442 is divided by 31.
17
Calculate the remainder when 2613628 is divided by 145185.
298
What is the remainder when 2085487 is divided by 7696?
7567
What is the remainder when 384615 is divided by 2374?
27
Calculate the remainder when 284530 is divided by 5747.
2927
Calculate the remainder when 247676 is divided by 632.
564
What is the remainder when 15637090 is divided by 2083?
9
What is the remainder when 232651 is divided by 2219?
1875
Calculate the remainder when 12141791 is divided by 414.
413
What is the remainder when 7895005 is divided by 2631398?
811
What is the remainder when 629782 is divided by 372?
358
What is the remainder when 253408 is divided by 63348?
16
What is the remainder when 13959752 is divided by 4653249?
5
Calculate the remainder when 26205652 is divided by 391129.
9
Calculate the remainder when 4558152 is divided by 4288.
8
What is the remainder when 28356687 is divided by 21696?
15
Calculate the remainder when 39415443 is divided by 7.
4
What is the remainder when 30305628 is divided by 83029?
43
What is the remainder when 13206157 is divided by 2792?
2789
Calculate the remainder when 10821 is divided by 48.
21
What is the remainder when 324944 is divided by 88?
48
Calculate the remainder when 1240381 is divided by 251.
190
Calculate the remainder when 3430081054 is divided by 16.
14
What is the remainder when 84947881 is divided by 18?
13
Calculate the remainder when 566098 is divided by 33297.
49
Calculate the remainder when 5265569 is divided by 1109.
37
What is the remainder when 1217353 is divided by 29?
20
Calculate the remainder when 739103 is divided by 73907.
33
Calculate the remainder when 17531542 is divided by 7596.
7570
What is the remainder when 31037340 is divided by 3?
0
What is the remainder when 43678783 is divided by 632?
631
Calculate the remainder when 5961764 is divided by 61.
51
What is the remainder when 9941315 is divided by 310666?
3
Calculate the remainder when 6522145 is divided by 295.
285
What is the remainder when 221404 is divided by 595?
64
Calculate the remainder when 87304 is divided by 97.
4
What is the remainder when 114899769 is divided by 3666?
3663
Calculate the remainder when 142616 is divided by 740.
536
Calculate the remainder when 390309 is divided by 19515.
9
What is the remainder when 356617 is divided by 20?
17
What is the remainder when 412741 is divided by 204967?
2807
What is the remainder when 1026119 is divided by 444?
35
What is the remainder when 48206 is divided by 7964?
422
Calculate the remainder when 24500 is divided by 345.
5
Calculate the remainder when 480416 is divided by 95951.
661
What is the remainder when 8681548 is divided by 237?
1
Calculate the remainder when 88493265 is divided by 919.
917
What is the remainder when 1548239 is divided by 37?
11
What is the remainder when 63590 is divided by 11813?
4525
What is the remainder when 783880 is d